{"id":301,"date":"2019-03-01T13:14:36","date_gmt":"2019-03-01T13:14:36","guid":{"rendered":"http:\/\/tutoriais.nrc.ice.ufjf.br\/?page_id=301"},"modified":"2021-03-24T17:06:17","modified_gmt":"2021-03-24T17:06:17","slug":"conferir-resultado-da-eleicao","status":"publish","type":"page","link":"http:\/\/tutoriais.nrc.ice.ufjf.br\/index.php\/conferir-resultado-da-eleicao\/","title":{"rendered":"Conferir Resultado da Elei\u00e7\u00e3o"},"content":{"rendered":"\n<ol class=\"wp-block-list\"><li>Logue no I<strong>N<\/strong>tegra.<\/li><li>No menu \u00e0 esquerda clique em &#8220;Nova Vota\u00e7\u00e3o&#8221;.<\/li><li>Se a elei\u00e7\u00e3o desejda estiver na se\u00e7\u00e3o &#8220;Vota\u00e7\u00f5es Abertas&#8221;:<ol><li>Clique no link &#8220;Resultado&#8221;.<\/li><li>Se quiser ver o relat\u00f3rio em &#8220;.pdf&#8221; clique no bot\u00e3o &#8220;Download&#8221;.<\/li><\/ol><\/li><li>Se a elei\u00e7\u00e3o desejda estiver na se\u00e7\u00e3o &#8220;Vota\u00e7\u00f5es Encerradas&#8221;:<ol><li>Clique no bot\u00e3o de seta na coluna resultado na linha da elei\u00e7\u00e3o desejada.<\/li><li>O download do relat\u00f3rio em pdf ser\u00e1 iniciado.<\/li><\/ol><\/li><\/ol>\n\n\n<p>&nbsp;<\/p>\n\n\n<div class=\"h5p-iframe-wrapper\"><iframe id=\"h5p-iframe-22\" class=\"h5p-iframe\" data-content-id=\"22\" style=\"height:1px\" src=\"about:blank\" frameBorder=\"0\" scrolling=\"no\" title=\"Elei\u00e7\u00e3o Resultado\"><\/iframe><\/div>\n","protected":false},"excerpt":{"rendered":"<p>Logue no INtegra. No menu \u00e0 esquerda clique em &#8220;Nova Vota\u00e7\u00e3o&#8221;. Se a elei\u00e7\u00e3o desejda estiver na se\u00e7\u00e3o &#8220;Vota\u00e7\u00f5es Abertas&#8221;: Clique no link &#8220;Resultado&#8221;. Se quiser ver o relat\u00f3rio em &#8220;.pdf&#8221; clique no bot\u00e3o &#8220;Download&#8221;. Se a elei\u00e7\u00e3o desejda estiver na se\u00e7\u00e3o &#8220;Vota\u00e7\u00f5es Encerradas&#8221;: Clique no bot\u00e3o de seta na coluna resultado na linha da ..<\/p>\n<div class=\"clear-fix\"><\/div>\n<p><a href=\"http:\/\/tutoriais.nrc.ice.ufjf.br\/index.php\/conferir-resultado-da-eleicao\/\" title=\"read more...\">Read more<\/a><\/p>\n","protected":false},"author":1,"featured_media":0,"parent":0,"menu_order":0,"comment_status":"closed","ping_status":"closed","template":"","meta":{"footnotes":""},"class_list":["post-301","page","type-page","status-publish","hentry"],"_links":{"self":[{"href":"http:\/\/tutoriais.nrc.ice.ufjf.br\/index.php\/wp-json\/wp\/v2\/pages\/301","targetHints":{"allow":["GET"]}}],"collection":[{"href":"http:\/\/tutoriais.nrc.ice.ufjf.br\/index.php\/wp-json\/wp\/v2\/pages"}],"about":[{"href":"http:\/\/tutoriais.nrc.ice.ufjf.br\/index.php\/wp-json\/wp\/v2\/types\/page"}],"author":[{"embeddable":true,"href":"http:\/\/tutoriais.nrc.ice.ufjf.br\/index.php\/wp-json\/wp\/v2\/users\/1"}],"replies":[{"embeddable":true,"href":"http:\/\/tutoriais.nrc.ice.ufjf.br\/index.php\/wp-json\/wp\/v2\/comments?post=301"}],"version-history":[{"count":4,"href":"http:\/\/tutoriais.nrc.ice.ufjf.br\/index.php\/wp-json\/wp\/v2\/pages\/301\/revisions"}],"predecessor-version":[{"id":424,"href":"http:\/\/tutoriais.nrc.ice.ufjf.br\/index.php\/wp-json\/wp\/v2\/pages\/301\/revisions\/424"}],"wp:attachment":[{"href":"http:\/\/tutoriais.nrc.ice.ufjf.br\/index.php\/wp-json\/wp\/v2\/media?parent=301"}],"curies":[{"name":"wp","href":"https:\/\/api.w.org\/{rel}","templated":true}]}}