{"id":382,"date":"2019-10-23T13:41:11","date_gmt":"2019-10-23T13:41:11","guid":{"rendered":"http:\/\/tutoriais.nrc.ice.ufjf.br\/?page_id=382"},"modified":"2019-10-23T13:42:52","modified_gmt":"2019-10-23T13:42:52","slug":"editar-atividade","status":"publish","type":"page","link":"http:\/\/tutoriais.nrc.ice.ufjf.br\/index.php\/editar-atividade\/","title":{"rendered":"Editar Atividade"},"content":{"rendered":"<ol>\n<li>Logue no I<strong>N<\/strong>tegra.<\/li>\n<li>No menu \u00e0 esquerda clique em &#8220;Eventos&#8221;.<\/li>\n<li>No submenu clique em &#8220;Administra\u00e7\u00e3o&#8221;.<\/li>\n<li>No &#8220;Painel Administrativo &#8211; Eventos&#8221; clique em &#8220;Cadastro de Atividades e afins.&#8221;.<\/li>\n<li>No &#8220;Painel de Cadastro &#8211; Eventos&#8221; clique em &#8220;Atividade&#8221;.<\/li>\n<li>No painel &#8220;Cadastro de Atividades.&#8221;<\/li>\n<li>No campo &#8220;Evento&#8221; selecione um evento.<\/li>\n<li>Na lista selecione uma atividade.<\/li>\n<li>Clique no bot\u00e3o &#8220;Editar&#8221;.<\/li>\n<li>Fa\u00e7a as altera\u00e7\u00f5es necess\u00e1rias.<\/li>\n<li>Clique no bot\u00e3o &#8220;Salvar&#8221;.<\/li>\n<li>Na caixa de mensagem informando o sucesso da edi\u00e7\u00e3o clique em &#8220;OK&#8221;.<\/li>\n<\/ol>\n<p>&nbsp;<br \/>\n<div class=\"h5p-iframe-wrapper\"><iframe id=\"h5p-iframe-34\" class=\"h5p-iframe\" data-content-id=\"34\" style=\"height:1px\" src=\"about:blank\" frameBorder=\"0\" scrolling=\"no\" title=\"Editar Atividade\"><\/iframe><\/div><\/p>\n","protected":false},"excerpt":{"rendered":"<p>Logue no INtegra. No menu \u00e0 esquerda clique em &#8220;Eventos&#8221;. No submenu clique em &#8220;Administra\u00e7\u00e3o&#8221;. No &#8220;Painel Administrativo &#8211; Eventos&#8221; clique em &#8220;Cadastro de Atividades e afins.&#8221;. No &#8220;Painel de Cadastro &#8211; Eventos&#8221; clique em &#8220;Atividade&#8221;. No painel &#8220;Cadastro de Atividades.&#8221; No campo &#8220;Evento&#8221; selecione um evento. Na lista selecione uma atividade. Clique no bot\u00e3o ..<\/p>\n<div class=\"clear-fix\"><\/div>\n<p><a href=\"http:\/\/tutoriais.nrc.ice.ufjf.br\/index.php\/editar-atividade\/\" title=\"read more...\">Read more<\/a><\/p>\n","protected":false},"author":1,"featured_media":0,"parent":0,"menu_order":0,"comment_status":"closed","ping_status":"closed","template":"","meta":{"footnotes":""},"class_list":["post-382","page","type-page","status-publish","hentry"],"_links":{"self":[{"href":"http:\/\/tutoriais.nrc.ice.ufjf.br\/index.php\/wp-json\/wp\/v2\/pages\/382","targetHints":{"allow":["GET"]}}],"collection":[{"href":"http:\/\/tutoriais.nrc.ice.ufjf.br\/index.php\/wp-json\/wp\/v2\/pages"}],"about":[{"href":"http:\/\/tutoriais.nrc.ice.ufjf.br\/index.php\/wp-json\/wp\/v2\/types\/page"}],"author":[{"embeddable":true,"href":"http:\/\/tutoriais.nrc.ice.ufjf.br\/index.php\/wp-json\/wp\/v2\/users\/1"}],"replies":[{"embeddable":true,"href":"http:\/\/tutoriais.nrc.ice.ufjf.br\/index.php\/wp-json\/wp\/v2\/comments?post=382"}],"version-history":[{"count":2,"href":"http:\/\/tutoriais.nrc.ice.ufjf.br\/index.php\/wp-json\/wp\/v2\/pages\/382\/revisions"}],"predecessor-version":[{"id":384,"href":"http:\/\/tutoriais.nrc.ice.ufjf.br\/index.php\/wp-json\/wp\/v2\/pages\/382\/revisions\/384"}],"wp:attachment":[{"href":"http:\/\/tutoriais.nrc.ice.ufjf.br\/index.php\/wp-json\/wp\/v2\/media?parent=382"}],"curies":[{"name":"wp","href":"https:\/\/api.w.org\/{rel}","templated":true}]}}