{"id":64,"date":"2019-01-24T11:00:43","date_gmt":"2019-01-24T11:00:43","guid":{"rendered":"http:\/\/localhost\/wordpress\/?page_id=64"},"modified":"2019-10-11T13:53:20","modified_gmt":"2019-10-11T13:53:20","slug":"pegar-certificado-de-um-evento","status":"publish","type":"page","link":"http:\/\/tutoriais.nrc.ice.ufjf.br\/index.php\/pegar-certificado-de-um-evento\/","title":{"rendered":"Certificado de Participa\u00e7\u00e3o"},"content":{"rendered":"<h3>Se tiver v\u00ednculo com o ICE<\/h3>\n<ol>\n<li>Logue no I<strong>N<\/strong>tegra.<\/li>\n<li>No menu \u00e0 esquerda clique em &#8220;Eventos&#8221;.<\/li>\n<li>No submenu clique em &#8220;Emiss\u00e3o de Certificado&#8221;.<\/li>\n<li>Selecione a atividade desejada.<\/li>\n<li>Clique no bot\u00e3o &#8220;Gerar&#8221;.<\/li>\n<li>Salve e\/ou imprima o certificado.<\/li>\n<\/ol>\n<p>&nbsp;<br \/>\n<div class=\"h5p-iframe-wrapper\"><iframe id=\"h5p-iframe-7\" class=\"h5p-iframe\" data-content-id=\"7\" style=\"height:1px\" src=\"about:blank\" frameBorder=\"0\" scrolling=\"no\" title=\"Pegar Certificado\"><\/iframe><\/div><\/p>\n<h3>Se n\u00e3o tiver v\u00ednculo com o ICE<\/h3>\n<ol>\n<li>Acesse a tela de login do I<strong>N<\/strong>tegra.<\/li>\n<li>No canto superior&nbsp;direito clique em &#8220;Eventos&#8221;.<\/li>\n<li>Na pr\u00f3xima p\u00e1gina clique&nbsp;em &#8220;Certificado para Participantes&#8221;.<\/li>\n<li>No campo &#8220;CPF&#8221; digite seu CPF.<\/li>\n<li>Clique em &#8220;OK&#8221;.<\/li>\n<li>Selecione a&nbsp;atividade de interesse.<\/li>\n<li>Clique no bot\u00e3o &#8220;Gerar&#8221;.<\/li>\n<li>Salve e\/ou imprima o certificado.<\/li>\n<\/ol>\n<p>&nbsp;<br \/>\n<div class=\"h5p-iframe-wrapper\"><iframe id=\"h5p-iframe-28\" class=\"h5p-iframe\" data-content-id=\"28\" style=\"height:1px\" src=\"about:blank\" frameBorder=\"0\" scrolling=\"no\" title=\"Certificado Participante Externo\"><\/iframe><\/div><\/p>\n","protected":false},"excerpt":{"rendered":"<p>Se tiver v\u00ednculo com o ICE Logue no INtegra. No menu \u00e0 esquerda clique em &#8220;Eventos&#8221;. No submenu clique em &#8220;Emiss\u00e3o de Certificado&#8221;. Selecione a atividade desejada. Clique no bot\u00e3o &#8220;Gerar&#8221;. Salve e\/ou imprima o certificado. &nbsp; Se n\u00e3o tiver v\u00ednculo com o ICE Acesse a tela de login do INtegra. No canto superior&nbsp;direito clique ..<\/p>\n<div class=\"clear-fix\"><\/div>\n<p><a href=\"http:\/\/tutoriais.nrc.ice.ufjf.br\/index.php\/pegar-certificado-de-um-evento\/\" title=\"read more...\">Read more<\/a><\/p>\n","protected":false},"author":1,"featured_media":0,"parent":0,"menu_order":7,"comment_status":"closed","ping_status":"closed","template":"","meta":{"footnotes":""},"class_list":["post-64","page","type-page","status-publish","hentry"],"_links":{"self":[{"href":"http:\/\/tutoriais.nrc.ice.ufjf.br\/index.php\/wp-json\/wp\/v2\/pages\/64","targetHints":{"allow":["GET"]}}],"collection":[{"href":"http:\/\/tutoriais.nrc.ice.ufjf.br\/index.php\/wp-json\/wp\/v2\/pages"}],"about":[{"href":"http:\/\/tutoriais.nrc.ice.ufjf.br\/index.php\/wp-json\/wp\/v2\/types\/page"}],"author":[{"embeddable":true,"href":"http:\/\/tutoriais.nrc.ice.ufjf.br\/index.php\/wp-json\/wp\/v2\/users\/1"}],"replies":[{"embeddable":true,"href":"http:\/\/tutoriais.nrc.ice.ufjf.br\/index.php\/wp-json\/wp\/v2\/comments?post=64"}],"version-history":[{"count":8,"href":"http:\/\/tutoriais.nrc.ice.ufjf.br\/index.php\/wp-json\/wp\/v2\/pages\/64\/revisions"}],"predecessor-version":[{"id":352,"href":"http:\/\/tutoriais.nrc.ice.ufjf.br\/index.php\/wp-json\/wp\/v2\/pages\/64\/revisions\/352"}],"wp:attachment":[{"href":"http:\/\/tutoriais.nrc.ice.ufjf.br\/index.php\/wp-json\/wp\/v2\/media?parent=64"}],"curies":[{"name":"wp","href":"https:\/\/api.w.org\/{rel}","templated":true}]}}